{"id":1049,"date":"2021-09-15T11:37:17","date_gmt":"2021-09-15T16:37:17","guid":{"rendered":"https:\/\/www.movilidadmachala.gob.ec\/web\/?page_id=1049"},"modified":"2022-01-17T15:01:41","modified_gmt":"2022-01-17T20:01:41","slug":"actualizacion-de-datos-de-personas-naturales-y-juridicas","status":"publish","type":"page","link":"https:\/\/www.movilidadmachala.gob.ec\/web\/actualizacion-de-datos-de-personas-naturales-y-juridicas\/","title":{"rendered":"ACTUALIZACI\u00d3N DE DATOS DE PERSONAS NATURALES Y JUR\u00cdDICAS"},"content":{"rendered":"<p>[vc_row][vc_column][vc_empty_space height=\u00bb30px\u00bb hide_on_mobile=\u00bb\u00bb][\/vc_column][\/vc_row][vc_row][vc_column width=\u00bb1\/5&#8243;][\/vc_column][vc_column width=\u00bb1\/5&#8243;][\/vc_column][vc_column width=\u00bb1\/5&#8243;][\/vc_column][vc_column width=\u00bb1\/5&#8243;][\/vc_column][vc_column width=\u00bb1\/5&#8243;][\/vc_column][vc_column][vc_empty_space height=\u00bb52px\u00bb hide_on_mobile=\u00bb\u00bb][\/vc_column][\/vc_row][vc_row][vc_column][vc_column_text]<\/p>\n<p>[\/vc_column_text][\/vc_column][\/vc_row][vc_row][\/vc_row][vc_column][\/vc_column][vc_wp_text][\/vc_wp_text]<\/p>\n<h3><strong>ACTUALIZACI\u00d3N DE DATOS DE PERSONAS NATURALES Y JUR\u00cdDICAS<\/strong><\/h3>\n<div id=\"texto\">\n<p style=\"text-align: justify;\">Todo solicitante de un servicio de matriculaci\u00f3n deber\u00e1 haber realizado el proceso de Actualizaci\u00f3n de Datos de Personas Naturales o Jur\u00eddicas, seg\u00fan corresponda, como requisito previo para iniciar un proceso de matriculaci\u00f3n vehicular.<\/p>\n<p style=\"text-align: justify;\">Este proceso es obligatorio realizar la primera vez que un ciudadano accede a un servicio de la EPMMM y es requisito para brindar los diferentes servicios de matriculaci\u00f3n vehicular. Tendr\u00e1 una vigencia de dos a\u00f1os o hasta que uno de los requisitos del proceso deje de tener vigencia. No tendr\u00e1 ning\u00fan costo para el solicitante.<\/p>\n<p style=\"text-align: justify;\"><strong>Requisitos.-\u00a0<\/strong>Los requisitos ser\u00e1n los siguientes:<\/p>\n<p style=\"text-align: justify;\">Documentos de identificaci\u00f3n de la persona natural o jur\u00eddica. Puede ser:<\/p>\n<ul style=\"text-align: justify;\">\n<li>C\u00e9dula de ciudadan\u00eda original<\/li>\n<li>Certificado de votaci\u00f3n original<\/li>\n<li>Matr\u00edcula vehicular original<\/li>\n<li>Correo electr\u00f3nico, direcci\u00f3n y tel\u00e9fono<\/li>\n<\/ul>\n<p style=\"text-align: justify;\">Se solicitar\u00e1 los respectivos documentos de soportes que acrediten las modificaciones seg\u00fan sean los casos<\/p>\n<ul>\n<li style=\"text-align: justify;\">Registro del certificado de votaci\u00f3n emitido por el Consejo Nacional Electoral para el caso de personas naturales ecuatorianas mayores de edad es obligatorio, para menor adulto, tercera edad, extranjeros, Militar\/Polic\u00eda y discapacitado este documento es opcional.<\/li>\n<li style=\"text-align: justify;\">Nombramiento del Representante Legal en el caso de persona jur\u00eddica. El nombre del representante legal debe constar en el RUC.<\/li>\n<li style=\"text-align: justify;\">Se deber\u00e1 realizar una actualizaci\u00f3n de datos del Representante Legal en el caso de persona jur\u00eddica.<\/li>\n<li style=\"text-align: justify;\">Sentencia del Juez competente para el caso de Menor de Edad emancipado.<\/li>\n<li style=\"text-align: justify;\">Actualizaci\u00f3n de datos del Representante Legal en el caso de Menor de Edad. Esto no es requerido para el caso de Menor Emancipado.<\/li>\n<li style=\"text-align: justify;\">Sentencia del Juez competente nombrando Curador en el caso de Interdicto.<\/li>\n<li style=\"text-align: justify;\">Actualizaci\u00f3n de datos del Curador en el caso de Interdicto.<\/li>\n<\/ul>\n<p>&nbsp;<\/p>\n<\/div>\n","protected":false},"excerpt":{"rendered":"<p>[vc_row][vc_column][vc_empty_space height=\u00bb30px\u00bb hide_on_mobile=\u00bb\u00bb][\/vc_column][\/vc_row][vc_row][vc_column width=\u00bb1\/5&#8243;][\/vc_column][vc_column width=\u00bb1\/5&#8243;][\/vc_column][vc_column width=\u00bb1\/5&#8243;][\/vc_column][vc_column width=\u00bb1\/5&#8243;][\/vc_column][vc_column width=\u00bb1\/5&#8243;][\/vc_column][vc_column][vc_empty_space height=\u00bb52px\u00bb hide_on_mobile=\u00bb\u00bb][\/vc_column][\/vc_row][vc_row][vc_column][vc_column_text] [\/vc_column_text][\/vc_column][\/vc_row][vc_row][\/vc_row][vc_column][\/vc_column][vc_wp_text][\/vc_wp_text] ACTUALIZACI\u00d3N DE DATOS DE PERSONAS NATURALES Y JUR\u00cdDICAS Todo solicitante de un servicio de matriculaci\u00f3n deber\u00e1 haber realizado el proceso de Actualizaci\u00f3n de Datos de Personas Naturales o Jur\u00eddicas,&hellip;<\/p>\n","protected":false},"author":1,"featured_media":0,"parent":0,"menu_order":0,"comment_status":"closed","ping_status":"closed","template":"","meta":{"footnotes":""},"class_list":["post-1049","page","type-page","status-publish","hentry"],"_links":{"self":[{"href":"https:\/\/www.movilidadmachala.gob.ec\/web\/wp-json\/wp\/v2\/pages\/1049","targetHints":{"allow":["GET"]}}],"collection":[{"href":"https:\/\/www.movilidadmachala.gob.ec\/web\/wp-json\/wp\/v2\/pages"}],"about":[{"href":"https:\/\/www.movilidadmachala.gob.ec\/web\/wp-json\/wp\/v2\/types\/page"}],"author":[{"embeddable":true,"href":"https:\/\/www.movilidadmachala.gob.ec\/web\/wp-json\/wp\/v2\/users\/1"}],"replies":[{"embeddable":true,"href":"https:\/\/www.movilidadmachala.gob.ec\/web\/wp-json\/wp\/v2\/comments?post=1049"}],"version-history":[{"count":22,"href":"https:\/\/www.movilidadmachala.gob.ec\/web\/wp-json\/wp\/v2\/pages\/1049\/revisions"}],"predecessor-version":[{"id":1077,"href":"https:\/\/www.movilidadmachala.gob.ec\/web\/wp-json\/wp\/v2\/pages\/1049\/revisions\/1077"}],"wp:attachment":[{"href":"https:\/\/www.movilidadmachala.gob.ec\/web\/wp-json\/wp\/v2\/media?parent=1049"}],"curies":[{"name":"wp","href":"https:\/\/api.w.org\/{rel}","templated":true}]}}