{"id":1158,"date":"2021-09-16T15:26:26","date_gmt":"2021-09-16T20:26:26","guid":{"rendered":"https:\/\/www.movilidadmachala.gob.ec\/web\/?page_id=1158"},"modified":"2022-01-17T15:24:54","modified_gmt":"2022-01-17T20:24:54","slug":"desbloqueo-vehicular","status":"publish","type":"page","link":"https:\/\/www.movilidadmachala.gob.ec\/web\/desbloqueo-vehicular\/","title":{"rendered":"DESBLOQUEO VEHICULAR"},"content":{"rendered":"<p>[vc_row][vc_column][vc_empty_space height=\u00bb30px\u00bb hide_on_mobile=\u00bb\u00bb][\/vc_column][\/vc_row][vc_row][vc_column width=\u00bb1\/5&#8243;][\/vc_column][vc_column width=\u00bb1\/5&#8243;][\/vc_column][vc_column width=\u00bb1\/5&#8243;][\/vc_column][vc_column width=\u00bb1\/5&#8243;][\/vc_column][vc_column width=\u00bb1\/5&#8243;][\/vc_column][vc_column][vc_empty_space height=\u00bb52px\u00bb hide_on_mobile=\u00bb\u00bb][\/vc_column][\/vc_row][vc_row][vc_column][vc_column_text]<\/p>\n<p>[\/vc_column_text][\/vc_column][\/vc_row][vc_row][\/vc_row][vc_column][\/vc_column][vc_wp_text][\/vc_wp_text]<\/p>\n<div class=\"innerShortcode\">\n<div class=\"innerContent\">\n<div>\n<h3><strong>DESBLOQUEO VEHICULAR<\/strong><\/h3>\n<div id=\"texto\">\n<p><strong>DESBLOQUEO VEHICULAR<\/strong><\/p>\n<ul>\n<li>C\u00e9dula de ciudadan\u00eda original<\/li>\n<li>Certificado de votaci\u00f3n original<\/li>\n<li>Matr\u00edcula vehicular original vigente<\/li>\n<li>Correo electr\u00f3nico, direcci\u00f3n y tel\u00e9fono<\/li>\n<li>Comprobante de pago de movilidad original<\/li>\n<\/ul>\n<p><strong>EN CASO DE PROHIBICION POR MENAJE DE MIGRANTE, ADJUNTAR:<\/strong><\/p>\n<ul>\n<li>Documento de la SENAE con la autorizaci\u00f3n correspondiente.<\/li>\n<\/ul>\n<p><strong>EN CASO DE\u00a0 RESERVA DE DOMINIO, ADJUNTAR:<\/strong><\/p>\n<ul>\n<li>Certificado de registro de comercio o mercantil que indique que el bloqueo debe ser levantado.<\/li>\n<\/ul>\n<p><strong>EN CASO POR ORDEN JUDICIAL, ADJUNTAR:<\/strong><\/p>\n<ul>\n<li>Documento de autoridad competente.<\/li>\n<\/ul>\n<p><strong>Nota:<\/strong> Para este caso si es una tercera persona se requiere poder especial o general<\/p>\n<p>&nbsp;<\/p>\n<\/div>\n<\/div>\n<\/div>\n<\/div>\n","protected":false},"excerpt":{"rendered":"<p>[vc_row][vc_column][vc_empty_space height=\u00bb30px\u00bb hide_on_mobile=\u00bb\u00bb][\/vc_column][\/vc_row][vc_row][vc_column width=\u00bb1\/5&#8243;][\/vc_column][vc_column width=\u00bb1\/5&#8243;][\/vc_column][vc_column width=\u00bb1\/5&#8243;][\/vc_column][vc_column width=\u00bb1\/5&#8243;][\/vc_column][vc_column width=\u00bb1\/5&#8243;][\/vc_column][vc_column][vc_empty_space height=\u00bb52px\u00bb hide_on_mobile=\u00bb\u00bb][\/vc_column][\/vc_row][vc_row][vc_column][vc_column_text] [\/vc_column_text][\/vc_column][\/vc_row][vc_row][\/vc_row][vc_column][\/vc_column][vc_wp_text][\/vc_wp_text] DESBLOQUEO VEHICULAR DESBLOQUEO VEHICULAR C\u00e9dula de ciudadan\u00eda original Certificado de votaci\u00f3n original Matr\u00edcula vehicular original vigente Correo electr\u00f3nico, direcci\u00f3n y tel\u00e9fono Comprobante de pago de movilidad original EN CASO&hellip;<\/p>\n","protected":false},"author":1,"featured_media":0,"parent":0,"menu_order":0,"comment_status":"closed","ping_status":"closed","template":"","meta":{"footnotes":""},"class_list":["post-1158","page","type-page","status-publish","hentry"],"_links":{"self":[{"href":"https:\/\/www.movilidadmachala.gob.ec\/web\/wp-json\/wp\/v2\/pages\/1158","targetHints":{"allow":["GET"]}}],"collection":[{"href":"https:\/\/www.movilidadmachala.gob.ec\/web\/wp-json\/wp\/v2\/pages"}],"about":[{"href":"https:\/\/www.movilidadmachala.gob.ec\/web\/wp-json\/wp\/v2\/types\/page"}],"author":[{"embeddable":true,"href":"https:\/\/www.movilidadmachala.gob.ec\/web\/wp-json\/wp\/v2\/users\/1"}],"replies":[{"embeddable":true,"href":"https:\/\/www.movilidadmachala.gob.ec\/web\/wp-json\/wp\/v2\/comments?post=1158"}],"version-history":[{"count":1,"href":"https:\/\/www.movilidadmachala.gob.ec\/web\/wp-json\/wp\/v2\/pages\/1158\/revisions"}],"predecessor-version":[{"id":1159,"href":"https:\/\/www.movilidadmachala.gob.ec\/web\/wp-json\/wp\/v2\/pages\/1158\/revisions\/1159"}],"wp:attachment":[{"href":"https:\/\/www.movilidadmachala.gob.ec\/web\/wp-json\/wp\/v2\/media?parent=1158"}],"curies":[{"name":"wp","href":"https:\/\/api.w.org\/{rel}","templated":true}]}}