{"id":3245,"date":"2022-07-07T11:03:00","date_gmt":"2022-07-07T16:03:00","guid":{"rendered":"https:\/\/www.movilidadmachala.gob.ec\/web\/?page_id=3245"},"modified":"2022-07-07T15:28:43","modified_gmt":"2022-07-07T20:28:43","slug":"rutas-de-buses-urbanos-de-machala","status":"publish","type":"page","link":"https:\/\/www.movilidadmachala.gob.ec\/web\/rutas-de-buses-urbanos-de-machala\/","title":{"rendered":"RUTAS DE BUSES URBANOS DE MACHALA"},"content":{"rendered":"<h4><\/h4>\n<h4><\/h4>\n<h4>RUTAS DE BUSES URBANOS DE MACHALA<\/h4>\n<ul>\n<li><a href=\"https:\/\/www.movilidadmachala.gob.ec\/web\/wp-content\/uploads\/2022\/07\/Linea-1.pdf\" target=\"_blank\" rel=\"noopener\">Ruta de L\u00ednea 1<\/a><\/li>\n<li><a href=\"https:\/\/www.movilidadmachala.gob.ec\/web\/wp-content\/uploads\/2022\/07\/Linea-2.pdf\" target=\"_blank\" rel=\"noopener\">Ruta de L\u00ednea 2<\/a><\/li>\n<li><a href=\"https:\/\/www.movilidadmachala.gob.ec\/web\/wp-content\/uploads\/2022\/07\/Linea-3.pdf\" target=\"_blank\" rel=\"noopener\">Ruta de L\u00ednea 3<\/a><\/li>\n<li><a href=\"https:\/\/www.movilidadmachala.gob.ec\/web\/wp-content\/uploads\/2022\/07\/Linea-4.pdf\" target=\"_blank\" rel=\"noopener\">Ruta de L\u00ednea 4<\/a><\/li>\n<li><a href=\"https:\/\/www.movilidadmachala.gob.ec\/web\/wp-content\/uploads\/2022\/07\/Linea-5.pdf\" target=\"_blank\" rel=\"noopener\">Ruta de L\u00ednea 5<\/a><\/li>\n<li><a href=\"https:\/\/www.movilidadmachala.gob.ec\/web\/wp-content\/uploads\/2022\/07\/Linea-6.pdf\" target=\"_blank\" rel=\"noopener\">Ruta de L\u00ednea 6<\/a><\/li>\n<li><a href=\"https:\/\/www.movilidadmachala.gob.ec\/web\/wp-content\/uploads\/2022\/07\/Linea-6T.pdf\" target=\"_blank\" rel=\"noopener\">Ruta de L\u00ednea 6T<\/a><\/li>\n<li><a href=\"https:\/\/www.movilidadmachala.gob.ec\/web\/wp-content\/uploads\/2022\/07\/Linea-7.pdf\" target=\"_blank\" rel=\"noopener\">Ruta de L\u00ednea 7<\/a><\/li>\n<li><a href=\"https:\/\/www.movilidadmachala.gob.ec\/web\/wp-content\/uploads\/2022\/07\/Linea-7C.pdf\" target=\"_blank\" rel=\"noopener\">Ruta de L\u00ednea 7C<\/a><\/li>\n<li><a href=\"https:\/\/www.movilidadmachala.gob.ec\/web\/wp-content\/uploads\/2022\/07\/Linea-8.pdf\" target=\"_blank\" rel=\"noopener\">Ruta de L\u00ednea 8<\/a><\/li>\n<li><a href=\"https:\/\/www.movilidadmachala.gob.ec\/web\/wp-content\/uploads\/2022\/07\/Linea-10.pdf\" target=\"_blank\" rel=\"noopener\">Ruta de L\u00ednea 10<\/a><\/li>\n<li><a href=\"https:\/\/www.movilidadmachala.gob.ec\/web\/wp-content\/uploads\/2022\/07\/Linea-11.pdf\" target=\"_blank\" rel=\"noopener\">Ruta de L\u00ednea 11<\/a><\/li>\n<li><a href=\"https:\/\/www.movilidadmachala.gob.ec\/web\/wp-content\/uploads\/2022\/07\/Linea-12.pdf\" target=\"_blank\" rel=\"noopener\">Ruta de L\u00ednea 12<\/a><\/li>\n<li><a href=\"https:\/\/www.movilidadmachala.gob.ec\/web\/wp-content\/uploads\/2022\/07\/Linea-13.pdf\" target=\"_blank\" rel=\"noopener\">Ruta de L\u00ednea 13<\/a><\/li>\n<li><a href=\"https:\/\/www.movilidadmachala.gob.ec\/web\/wp-content\/uploads\/2022\/07\/Linea-14.pdf\" target=\"_blank\" rel=\"noopener\">Ruta de L\u00ednea 14<\/a><\/li>\n<li><a href=\"https:\/\/www.movilidadmachala.gob.ec\/web\/wp-content\/uploads\/2022\/07\/Linea-14C.pdf\" target=\"_blank\" rel=\"noopener\">Ruta de L\u00ednea 14C<\/a><\/li>\n<li><a href=\"https:\/\/www.movilidadmachala.gob.ec\/web\/wp-content\/uploads\/2022\/07\/Linea-15.pdf\" target=\"_blank\" rel=\"noopener\">Ruta de L\u00ednea 15<\/a><\/li>\n<li><a href=\"https:\/\/www.movilidadmachala.gob.ec\/web\/wp-content\/uploads\/2022\/07\/Linea-16.pdf\" target=\"_blank\" rel=\"noopener\">Ruta de L\u00ednea 16<\/a><\/li>\n<li><a href=\"https:\/\/www.movilidadmachala.gob.ec\/web\/wp-content\/uploads\/2022\/07\/Linea-18.pdf\" target=\"_blank\" rel=\"noopener\">Ruta de L\u00ednea 18<\/a><\/li>\n<li><a href=\"https:\/\/www.movilidadmachala.gob.ec\/web\/wp-content\/uploads\/2022\/07\/Linea-20.pdf\" target=\"_blank\" rel=\"noopener\">Ruta de L\u00ednea 20<\/a><\/li>\n<\/ul>\n<p>&nbsp;<\/p>\n","protected":false},"excerpt":{"rendered":"<p>RUTAS DE BUSES URBANOS DE MACHALA Ruta de L\u00ednea 1 Ruta de L\u00ednea 2 Ruta de L\u00ednea 3 Ruta de L\u00ednea 4 Ruta de L\u00ednea 5 Ruta de L\u00ednea 6 Ruta de L\u00ednea 6T Ruta de L\u00ednea 7 Ruta de&hellip;<\/p>\n","protected":false},"author":990005,"featured_media":0,"parent":0,"menu_order":0,"comment_status":"closed","ping_status":"closed","template":"","meta":{"footnotes":""},"class_list":["post-3245","page","type-page","status-publish","hentry"],"_links":{"self":[{"href":"https:\/\/www.movilidadmachala.gob.ec\/web\/wp-json\/wp\/v2\/pages\/3245","targetHints":{"allow":["GET"]}}],"collection":[{"href":"https:\/\/www.movilidadmachala.gob.ec\/web\/wp-json\/wp\/v2\/pages"}],"about":[{"href":"https:\/\/www.movilidadmachala.gob.ec\/web\/wp-json\/wp\/v2\/types\/page"}],"author":[{"embeddable":true,"href":"https:\/\/www.movilidadmachala.gob.ec\/web\/wp-json\/wp\/v2\/users\/990005"}],"replies":[{"embeddable":true,"href":"https:\/\/www.movilidadmachala.gob.ec\/web\/wp-json\/wp\/v2\/comments?post=3245"}],"version-history":[{"count":9,"href":"https:\/\/www.movilidadmachala.gob.ec\/web\/wp-json\/wp\/v2\/pages\/3245\/revisions"}],"predecessor-version":[{"id":3277,"href":"https:\/\/www.movilidadmachala.gob.ec\/web\/wp-json\/wp\/v2\/pages\/3245\/revisions\/3277"}],"wp:attachment":[{"href":"https:\/\/www.movilidadmachala.gob.ec\/web\/wp-json\/wp\/v2\/media?parent=3245"}],"curies":[{"name":"wp","href":"https:\/\/api.w.org\/{rel}","templated":true}]}}